0 = m*j - 935 - 337. List the prime factors of j.
2, 53
Let f(p) = 72 + 18*p - 21 - 25*p - 13*p**2. Let l(v) = -6*v**2 - 4*v + 25. Let u(y) = 2*f(y) - 5*l(y). List the prime factors of u(7).
5, 43
Suppose -105 = 6*s - 45. List the prime factors of (-6599)/s + 28/280.
2, 3, 5, 11
Let f(h) = -108*h + 347. What are the prime factors of f(-4)?
19, 41
Suppose 3*k = 15*m - 16*m + 7, -k = m + 1. Suppose -2*z - 5*q = -1759, 2*q - 3482 = -4*z + k*q. What are the prime factors of z?
2, 109
Suppose -2*c + 3*t = -t + 88, 3*c + 2*t + 148 = 0. Let d be (-2 - 1)*c/18. Suppose 2*x - 59 = 5*o, -x - 2*o = 3*o + d. What are the prime factors of x?
17
Let s(r) = -r**3 + 4*r**2 + r - 2. Let o be s(3). Let p(v) = 2*v + o + v - 5*v - 10*v. List the prime factors of p(-13).
2, 83
Let u = 10535 + 1045. List the prime factors of u.
2, 3, 5, 193
Let m(r) = 177 + 3*r**2 - 182 - 2*r + 43*r. What are the prime factors of m(-17)?
3, 5, 11
Let g(w) = 2012*w + 597. What are the prime factors of g(5)?
10657
Let w(s) = -24 + s**2 - 3*s**2 + s + 12*s. Let c be w(6). Let i = c + 74. What are the prime factors of i?
2, 7
Let m be (-42)/35 - (-8)/(-10) - 0. Let f be (m - -6) + -3 - -4. Suppose -v = 0, -3*s + 48 + 492 = -f*v. What are the prime factors of s?
2, 3, 5
Let s be (-16)/36*(-27)/(-6). Suppose -2*z + 0*o - 6 = -4*o, -4*z + 14 = 5*o. List the prime factors of (z/s)/((-4)/896).
2, 7
Let s be (38 + (-2 - -5))/(1 + -2). Let l = s - -85. Suppose -10*y + l = -16. What are the prime factors of y?
2, 3
Suppose 13 - 37 = -3*z. Suppose -2*s - 5*w = -1012, -2*s = -10*w + z*w - 998. List the prime factors of s.
3, 167
Suppose 443*s - 448*s = -4*z - 6243, 4*s = -5*z + 4978. What are the prime factors of s?
29, 43
Let o(j) = j + 127. Let i be o(-31). Suppose 10*l + i = 3736. What are the prime factors of l?
2, 7, 13
Suppose 8*s - 9*s - 1296 = -f, f = -2*s + 1302. What are the prime factors of f?
2, 11, 59
Let m be 0/((-6)/(1 + 5)) + -5. What are the prime factors of ((-9927)/36)/((-2 - m)/(-12))?
1103
Suppose 5*n - 4*n + 9175 = 3*h, 4*n = -3*h + 9170. Suppose 10*u - h = 1082. List the prime factors of u.
2, 3, 23
Suppose -147 = 6*t - 465. Let h = t + 2. List the prime factors of h.
5, 11
Let p be 9/(-12) + (-99261)/36 - 6. Let u = -1913 - p. List the prime factors of u.
23, 37
Let l(r) = 14*r**2 - 3*r - 3. Let p = -108 + 54. Let y = 52 + p. What are the prime factors of l(y)?
59
Suppose 7*m + 6938 - 2444 = 0. Let x = 1021 + m. Let i = x + -234. What are the prime factors of i?
5, 29
Let z(h) = 3*h**2 - 10*h - 21. Let w(o) = -o**3 + o**2 + 5*o + 7. Let d be w(-2). Let b be z(d). Suppose 7*u - 5*u = b. List the prime factors of u.
2, 3, 11
Suppose i + 2*y + 437 = 0, 2*i - 3*y + 4*y + 868 = 0. Let b = i + 1194. What are the prime factors of b?
761
Let a = 159 - 159. Suppose a = -6*q + 110 + 466. List the prime factors of q.
2, 3
Let g = 3288 + 2592. Suppose 3*k + g = 43*k. What are the prime factors of k?
3, 7
Suppose -90*v + 211277 = 7*u - 93*v, -5*u - v = -150887. List the prime factors of u.
103, 293
Let i(w) = -96*w - 648. List the prime factors of i(-38).
2, 3, 5
Let a(z) = 252*z + 167. What are the prime factors of a(11)?
2939
Suppose -5*r = 5*w - 4*w - 22, 0 = 5*r + 2*w - 24. Suppose -1344 = -r*g - 244. Let q = g - 188. What are the prime factors of q?
3, 29
Let h(m) = 2*m + 2. Let c be h(0). Let o(z) = 13*z**2 + 4. Let b be o(c). Suppose 52 = 2*p - b. List the prime factors of p.
2, 3
What are the prime factors of (-1)/(-2)*(-9758)/(-1)?
7, 17, 41
Suppose 7735 = 19*l - 23881. List the prime factors of l.
2, 13
Let j = 106 - -236. Let x = j - -62. What are the prime factors of x?
2, 101
List the prime factors of 2/(-10) - (-1094518)/290.
2, 3, 17, 37
Let h = -4845 + 7320. Suppose 11*j = h + 7645. List the prime factors of j.
2, 5, 23
Let s = -224 - -90. Let z = s - -24. List the prime factors of (-11*z/15)/((-2)/(-3)).
11
Suppose 5*p = -2*u + 7427, 0 = 2*p - 5*u - 4599 + 1605. What are the prime factors of p?
1487
Let y(b) = -6*b**3 - 8*b**2 - 37*b + 27. What are the prime factors of y(-20)?
3, 61, 83
Suppose -7*x + 71719 = 4*d, 5*x - 41931 - 9298 = -4*d. What are the prime factors of x?
3, 5, 683
Let w(t) = -3*t**2 - 7*t + 13. Let c be w(-3). Let a be (141/(-9))/((-1)/54). Suppose -x = -c*x + a. List the prime factors of x.
3, 47
Let z = 8588 - -4846. List the prime factors of z.
2, 3, 2239
Let p = 33277 + -19801. List the prime factors of p.
2, 3, 1123
Let h(b) = -2*b**2 - 16*b. Let u be 34/(-4) - 15/(-30). Let c be h(u). Suppose -702 = -4*x + 5*y, c = -2*x + 4*x + 5*y - 366. What are the prime factors of x?
2, 89
What are the prime factors of 5960 + 104/8 - 6?
3, 13, 17
Let k(h) = 6*h - 5. Suppose 0 = -4*s + 5 + 3. Let b be k(s). Suppose -96 = -8*z + b*z. List the prime factors of z.
2, 3
Let f = -6964 - -14305. What are the prime factors of f?
3, 2447
Let s(w) = 156*w + 3. Suppose 19 = 5*r + 4. List the prime factors of s(r).
3, 157
Suppose -6*b = 5*d - 3*b - 105, d + 2*b = 28. Suppose -15636 = -d*p - 2316. What are the prime factors of p?
2, 5, 37
Let k(f) = -18*f**2 - 2*f - 5. Let o be k(-2). Let t = o + 447. What are the prime factors of t?
2, 11, 17
Let m(s) = -4*s**3 - s**2 + 10*s + 126. Let o(p) = p**3 - 2*p - 1. Let y(b) = m(b) + 3*o(b). List the prime factors of y(0).
3, 41
Let b be 4/8*(-70)/(-7). Let a(x) = -b*x + 33*x + 19*x + 2 - 6*x. List the prime factors of a(3).
5
Let h = -851 + 5989. List the prime factors of h.
2, 7, 367
Let s be 5/((-105)/(-114)) - 3/7. List the prime factors of 20 - 13 - -26*s.
137
Let m(j) = -32*j - 34. Let h = 28 - 32. Let n be m(h). Let l = n + -46. What are the prime factors of l?
2, 3
Let c(n) = 17 + 37*n + 26 - 88. List the prime factors of c(12).
3, 7, 19
Let f = -62 + 67. Suppose 4*a + 26 = 5*b, -2*a - 1 - f = b. Suppose 0 = -b*o + 2*w - 0*w + 180, -4*o + 358 = -2*w. List the prime factors of o.
89
Suppose 2*p = -3*p + 5*t + 97415, -p + 19420 = 8*t. What are the prime factors of p?
2, 3, 541
Let s = -3792 + 9059. What are the prime factors of s?
23, 229
Let x(r) = -7*r + 37*r - 9*r**2 - 8 + 9*r**2 - 2*r**2. Let p be x(14). List the prime factors of 0 + p + (-2)/(-2).
3, 7
What are the prime factors of 766/(-6511) - (-2 + (-545738)/34)?
3, 5351
Let x(u) = -u**3 + u**2 + u - 2. Let w be x(0). Let b be 0 - w/(2/99). Suppose -11 + b = 4*q. List the prime factors of q.
2, 11
Let s(w) = -3*w**2 - 4*w - 58. Let z be s(-15). Let j = -453 - z. List the prime factors of j.
2, 5, 11
Suppose 0 = k - 5*a - 1857, 1018 = 2*k + a - 2674. What are the prime factors of k?
1847
Let f(o) = 299*o**2 - 236*o - 236. What are the prime factors of f(-1)?
13, 23
Let k = 176 + 152. Suppose -1 + 2 = i. What are the prime factors of (-1)/i*(k/(-4) + 3)?
79
Let y(w) = w + 13. Suppose 0 = 3*m - 5*v - 4, 2*m + 3*v + 43 = -2*m. Let u be y(m). Suppose -u*t + 50 = -t. What are the prime factors of t?
2, 5
Suppose -4*u - z = -239128 + 51765, u - 2*z = 46852. List the prime factors of u.
2, 3, 37, 211
Let v(o) = 25*o + 1952. Let x be v(-78). Suppose -2*r = 3*r - 585. Suppose -2*p - 4*l + 113 = -r, -x*p + 226 = 3*l. What are the prime factors of p?
107
What are the prime factors of (23448/2 - 4 - 11) + (0 - 3)?
2, 3, 1951
Let l(p) = 5*p - 21. Let b be l(5). Suppose -b*i - 2*i = -6. Suppose f = -5 + i, 2*k + f = 282. List the prime factors of k.
11, 13
Let i = -7995 - -11474. List the prime factors of i.
7, 71
Let z(o) = 1813*o**2 - 69*o - 142. What are the prime factors of z(-2)?
2, 3, 151
Suppose 71*d - 11445840 = -44*d - 445*d. List the prime factors of d.
3, 757
Let k = -260 + 263. Let c(w) = -w**3 - 2*w**2 - 2*w + 1. Let x be c(-2). Suppose x*v = -k*v + 648. What are the prime factors of v?
3
Let f(d) = -2*d**3 - 38*d**2 + 36*d - 16. List the prime factors of f(-22).
2, 131
Let x(t) be the second derivative of -43*t**3/6 - 4*t**2 + 268*t. Let v = -14 + 8. List the prime factors of x(v).
2, 5
Let d(p) = 957*p**2 + 458*p + 3. What are the prime factors of d(-9)?
2, 3, 13, 941
Suppose 2*v + 2*m + 1 + 1 = 0, m = 5*v - 1. Suppose v = -p + 5. Let c = 46 + p. What are the prime factors of c?
3, 17
Let o(i) = -2*i**3 - 104*i**2 - 13*i + 122. Let d = -56 - -4. What are the prime factors of o(d)?
2, 3, 7, 19
Suppose 0 = 4*i - 202*a + 206*a - 187872, 0 = -2*i + 5*a + 93873.